{"id":830,"date":"2022-12-13T14:09:45","date_gmt":"2022-12-13T17:09:45","guid":{"rendered":"https:\/\/isfd169villagesell-bue.infd.edu.ar\/sitio\/?page_id=830"},"modified":"2022-12-13T14:27:01","modified_gmt":"2022-12-13T17:27:01","slug":"profesorado-de-educacion-fisica","status":"publish","type":"page","link":"https:\/\/isfd169villagesell-bue.infd.edu.ar\/sitio\/profesorado-de-educacion-fisica\/","title":{"rendered":"PROFESORADO DE EDUCACI\u00d3N F\u00cdSICA"},"content":{"rendered":"\n<p><strong>T\u00edtulo:&nbsp;Profesor\/a de Educaci\u00f3n F\u00edsica<\/strong><\/p>\n\n\n\n<p><strong>Duraci\u00f3n:&nbsp;4 a\u00f1os<\/strong><\/p>\n\n\n\n<p><strong>Turno: vespertino <\/strong><\/p>\n\n\n\n<p><strong>Resoluci\u00f3n N\u00ba 2432\/09<\/strong> <\/p>\n\n\n\n<p><a href=\"https:\/\/drive.google.com\/drive\/folders\/1irkx-aCCIfU6ASl6kI9qe6azxeijQYfI?usp=sharing\" target=\"_blank\" rel=\"noreferrer noopener\"><strong>Ver Dise\u00f1o Curricular del Profesorado de Educaci\u00f3n F\u00edsica<\/strong><\/a><\/p>\n\n\n\n<figure class=\"wp-block-table is-style-regular\"><table class=\"has-subtle-pale-green-background-color has-background\"><tbody><tr><td><strong>Estructura Curricular:<\/strong><br><br><strong>PRIMER A\u00d1O<\/strong><\/td><\/tr><tr><td><strong>CAMPOS<\/strong><\/td><td><strong>ESTRUCTURA&nbsp; CURRICULAR<\/strong><\/td><td><strong>CARGA HORARIA ANUAL<\/strong><\/td><\/tr><tr><td><strong>CAMPO&nbsp; DE ACTUALIZACI\u00d3N<\/strong><strong>FORMATIVA<\/strong><\/td><td><strong>Taller de lectura, escritura y oralidad.<\/strong><\/td><td><strong>64 m\u00f3dulos<\/strong><\/td><\/tr><tr><td><strong>Taller de educaci\u00f3n corporal y motriz<\/strong><\/td><td><strong>64 m\u00f3dulos<\/strong><\/td><\/tr><tr><td><strong>CAMPO&nbsp; DE LA SUBJETIVIDAD Y LAS CULTURAS<\/strong><\/td><td><strong>Psicolog\u00eda del desarrollo y el aprendizaje I<\/strong><\/td><td><strong>64 m\u00f3dulos<\/strong><\/td><\/tr><tr><td><strong>CAMPO DE LOS SABERES ESPEC\u00cdFICOS<\/strong><\/td><td><strong>Did\u00e1ctica de las pr\u00e1cticas gimn\u00e1sticas I<\/strong><\/td><td><strong>64 m\u00f3dulos<\/strong><\/td><\/tr><tr><td><strong>Did\u00e1ctica de las pr\u00e1cticas acu\u00e1ticas<\/strong><\/td><td><strong>64 m\u00f3dulos<\/strong><\/td><\/tr><tr><td><strong>Did\u00e1ctica de las pr\u00e1cticas l\u00fadicas<\/strong><\/td><td><strong>64 m\u00f3dulos<\/strong><\/td><\/tr><tr><td><strong>Anatom\u00eda funcional<\/strong><\/td><td><strong>64 m\u00f3dulos<\/strong><\/td><\/tr><tr><td><strong>Historia de la Educaci\u00f3n F\u00edsica en Latinoam\u00e9rica y Argentina<\/strong><\/td><td><strong>64 m\u00f3dulos<\/strong><\/td><\/tr><tr><td><strong>CAMPO DE LA FUNDAMENTACI\u00d3N<\/strong><\/td><td><strong>Filosof\u00eda<\/strong><\/td><td><strong>64 m\u00f3dulos<\/strong><\/td><\/tr><tr><td><strong>Did\u00e1ctica general<\/strong><\/td><td><strong>64 m\u00f3dulos<\/strong><\/td><\/tr><tr><td><strong>Pedagog\u00eda<\/strong><\/td><td><strong>64 m\u00f3dulos<\/strong><\/td><\/tr><tr><td><strong>An\u00e1lisis del mundo contempor\u00e1neo<\/strong><\/td><td><strong>32 m\u00f3dulos<\/strong><\/td><\/tr><tr><td><strong>CAMPO DE LA PR\u00c1CTICA DOCENTE<\/strong><\/td><td><strong>Pr\u00e1ctica en terreno<\/strong><\/td><td><strong>32 m\u00f3dulos<\/strong><\/td><\/tr><tr><td><strong>Taller integrador&nbsp; interdisciplinario<\/strong><\/td><td><strong>32 m\u00f3dulos<\/strong><\/td><\/tr><tr><td><strong>Herramientas<\/strong><\/td><td><strong>32 m\u00f3dulos<\/strong><\/td><\/tr><tr><td><strong>Total de horas anuales 832 m\u00f3dulos<\/strong><\/td><\/tr><\/tbody><\/table><\/figure>\n\n\n\n<figure class=\"wp-block-table\"><table class=\"has-subtle-pale-pink-background-color has-background\"><tbody><tr><td><strong>SEGUNDO A\u00d1O<\/strong><\/td><\/tr><tr><td><strong>CAMPOS<\/strong><\/td><td><strong>ESTRUCTURA&nbsp; CURRICULAR<\/strong><\/td><td><strong>CARGA HORARIA ANUAL<\/strong><\/td><\/tr><tr><td><strong>CAMPO&nbsp; DE LA SUBJETIVIDAD Y LAS CULTURAS<\/strong><\/td><td><strong>Psicolog\u00eda del desarrollo y el aprendizaje II<\/strong><\/td><td><strong>64 m\u00f3dulos<\/strong><\/td><\/tr><tr><td><strong>CAMPO DE LOS SABERES ESPEC\u00cdFICOS<\/strong><\/td><td><strong>Did\u00e1ctica de&nbsp; las Pr\u00e1cticas Gimn\u00e1sticas II<\/strong><\/td><td><strong>64 m\u00f3dulos<\/strong><\/td><\/tr><tr><td><strong>Did\u00e1ctica de&nbsp; las Pr\u00e1cticas de la Recreaci\u00f3n Participativa<\/strong><\/td><td><strong>64 m\u00f3dulos<\/strong><\/td><\/tr><tr><td><strong>Did\u00e1ctica de&nbsp; las Pr\u00e1cticas Deportivas I<\/strong><\/td><td><strong>128 m\u00f3dulos<\/strong><\/td><\/tr><tr><td><strong>Did\u00e1ctica de&nbsp; las Pr\u00e1cticas Atl\u00e9ticas<\/strong><\/td><td><strong>64 m\u00f3dulos<\/strong><\/td><\/tr><tr><td><strong>Fisiolog\u00eda de la motricidad<\/strong><\/td><td><strong>64 m\u00f3dulos<\/strong><\/td><\/tr><tr><td><strong>Did\u00e1ctica de&nbsp; las Pr\u00e1cticas en la Naturaleza y al Aire Libre I<\/strong><\/td><td><strong>64 m\u00f3dulos<\/strong><\/td><\/tr><tr><td><strong>Did\u00e1ctica y Curr\u00edculum de la Educaci\u00f3n F\u00edsica del Nivel Inicial y del Nivel Primario<\/strong><\/td><td><strong>64 m\u00f3dulos<\/strong><\/td><\/tr><tr><td><strong>T.F.O.<\/strong><\/td><td><strong>64 m\u00f3dulos<\/strong><\/td><\/tr><tr><td><strong>CAMPO DE LA FUNDAMENTACI\u00d3N<\/strong><\/td><td><strong>Teor\u00edas&nbsp; sociopol\u00edticas y educaci\u00f3n<\/strong><\/td><td><strong>64 m\u00f3dulos<\/strong><\/td><\/tr><tr><td><strong>CAMPO DE LA PR\u00c1CTICA DOCENTE<\/strong><\/td><td><strong>Pr\u00e1ctica en terreno<\/strong><\/td><td><strong>64 m\u00f3dulos<\/strong><\/td><\/tr><tr><td><strong>Taller integrador&nbsp; interdisciplinario<\/strong><\/td><td><strong>32 m\u00f3dulos<\/strong><\/td><\/tr><tr><td><strong>Herramientas<\/strong><\/td><td><strong>32 m\u00f3dulos<\/strong><\/td><\/tr><tr><td><strong>Total de horas anuales 832 m\u00f3dulos<\/strong><\/td><\/tr><\/tbody><\/table><\/figure>\n\n\n\n<figure class=\"wp-block-table\"><table class=\"has-subtle-pale-blue-background-color has-background\"><tbody><tr><td><strong>TERCER A\u00d1O<\/strong><\/td><\/tr><tr><td><strong>CAMPOS<\/strong><\/td><td><strong>ESTRUCTURA&nbsp; CURRICULAR<\/strong><\/td><td><strong>CARGA HORARIA ANUAL<\/strong><\/td><\/tr><tr><td><strong>CAMPO&nbsp; DE LA SUBJETIVIDAD Y LAS CULTURAS<\/strong><\/td><td><strong>Configuraciones culturales del sujeto educativo<\/strong><\/td><td><strong>64 m\u00f3dulos<\/strong><\/td><\/tr><tr><td><strong>CAMPO DE LOS SABERES ESPEC\u00cdFICOS<\/strong><\/td><td><strong>Did\u00e1ctica de&nbsp; las Pr\u00e1cticas Gimn\u00e1sticas III<\/strong><\/td><td><strong>64 m\u00f3dulos<\/strong><\/td><\/tr><tr><td><strong>Did\u00e1ctica de&nbsp; las Pr\u00e1cticas Deportivas II<\/strong><\/td><td><strong>128 m\u00f3dulos<\/strong><\/td><\/tr><tr><td><strong>Did\u00e1ctica de&nbsp; las Pr\u00e1cticas en la Naturaleza y al Aire Libre II<\/strong><\/td><td><strong>64 m\u00f3dulos<\/strong><\/td><\/tr><tr><td><strong>An\u00e1lisis e la Acciones Motrices<\/strong><\/td><td><strong>64 m\u00f3dulos<\/strong><\/td><\/tr><tr><td><strong>Did\u00e1ctica de la Educaci\u00f3n F\u00edsica del Nivel Secundario y de otros \u00e1mbitos educativos<\/strong><\/td><td><strong>64 m\u00f3dulos<\/strong><\/td><\/tr><tr><td><strong>T.F.O.<\/strong><\/td><td><strong>64 m\u00f3dulos<\/strong><\/td><\/tr><tr><td><strong>CAMPO DE LA FUNDAMENTACI\u00d3N<\/strong><\/td><td><strong>Historia, Pol\u00edtica y Legislaci\u00f3n Educativa<\/strong><\/td><td><strong>64 m\u00f3dulos<\/strong><\/td><\/tr><tr><td><strong>CAMPO DE LA PR\u00c1CTICA DOCENTE<\/strong><\/td><td><strong>Pr\u00e1ctica en terreno<\/strong><\/td><td><strong>96 m\u00f3dulos<\/strong><\/td><\/tr><tr><td><strong>Taller integrador&nbsp; interdisciplinario<\/strong><\/td><td><strong>32 m\u00f3dulos<\/strong><\/td><\/tr><tr><td><strong>Herramientas<\/strong><\/td><td><strong>32 m\u00f3dulos<\/strong><\/td><\/tr><tr><td><strong>Total de horas anuales 800 m\u00f3dulos<\/strong><\/td><\/tr><\/tbody><\/table><\/figure>\n\n\n\n<figure class=\"wp-block-table\"><table class=\"has-subtle-pale-green-background-color has-background\"><tbody><tr><td><strong>CUARTO A\u00d1O<\/strong><\/td><\/tr><tr><td><strong>CAMPOS<\/strong><\/td><td><strong>ESTRUCTURA&nbsp; CURRICULAR<\/strong><\/td><td><strong>CARGA HORARIA ANUAL<\/strong><\/td><\/tr><tr><td><strong>CAMPO&nbsp; DE LA SUBJETIVIDAD Y LAS CULTURAS<\/strong><\/td><td><strong>Pedagog\u00eda critica de la diferencia<\/strong><\/td><td><strong>32 m\u00f3dulos<\/strong><\/td><\/tr><tr><td><strong>CAMPO DE LOS SABERES ESPEC\u00cdFICOS<\/strong><\/td><td><strong>Did\u00e1ctica de&nbsp; las Pr\u00e1cticas Gimn\u00e1sticas Especiales<\/strong><\/td><td><strong>64 m\u00f3dulos<\/strong><\/td><\/tr><tr><td><strong>Did\u00e1ctica de&nbsp; las Pr\u00e1cticas Deportivas III<\/strong><\/td><td><strong>128 m\u00f3dulos<\/strong><\/td><\/tr><tr><td><strong>Antropolog\u00eda y Sociolog\u00eda del Cuerpo<\/strong><\/td><td><strong>64 m\u00f3dulos<\/strong><\/td><\/tr><tr><td><strong>Did\u00e1ctica del Entrenamiento<\/strong><\/td><td><strong>64 m\u00f3dulos<\/strong><\/td><\/tr><tr><td><strong>T.F.O.<\/strong><\/td><td><strong>192 m\u00f3dulos<\/strong><\/td><\/tr><tr><td><strong>CAMPO DE LA FUNDAMENTACI\u00d3N<\/strong><\/td><td><strong>Reflexi\u00f3n filos\u00f3fica de la educaci\u00f3n<\/strong><\/td><td><strong>32 m\u00f3dulos<\/strong><\/td><\/tr><tr><td><strong>Dimensi\u00f3n \u00e9tico-pol\u00edtica de la praxis docente<\/strong><\/td><td><strong>32 m\u00f3dulos<\/strong><\/td><\/tr><tr><td><strong>CAMPO DE LA PR\u00c1CTICA DOCENTE<\/strong><\/td><td><strong>Pr\u00e1ctica en terreno<\/strong><\/td><td><strong>128 m\u00f3dulos<\/strong><\/td><\/tr><tr><td><strong>Taller integrador&nbsp; interdisciplinario<\/strong><\/td><td><strong>32 m\u00f3dulos<\/strong><\/td><\/tr><tr><td><strong>Total de horas anuales 768 m\u00f3dulos<\/strong><\/td><\/tr><\/tbody><\/table><\/figure>\n\n\n\n<p><strong>&nbsp;TOTAL DE HORAS DISE\u00d1O&nbsp; 3232 HORAS&nbsp;<\/strong><\/p>\n","protected":false},"excerpt":{"rendered":"<p>T\u00edtulo:&nbsp;Profesor\/a de Educaci\u00f3n F\u00edsica Duraci\u00f3n:&nbsp;4 a\u00f1os Turno: vespertino Resoluci\u00f3n N\u00ba 2432\/09 Ver Dise\u00f1o Curricular del Profesorado de Educaci\u00f3n F\u00edsica Estructura Curricular: PRIMER A\u00d1O CAMPOS ESTRUCTURA&nbsp; CURRICULAR CARGA HORARIA ANUAL CAMPO&nbsp; DE ACTUALIZACI\u00d3NFORMATIVA Taller de lectura, escritura y oralidad. 64 m\u00f3dulos Taller de educaci\u00f3n corporal y motriz 64 m\u00f3dulos CAMPO&nbsp; DE LA SUBJETIVIDAD Y LAS CULTURAS &#8230; <a title=\"PROFESORADO DE EDUCACI\u00d3N F\u00cdSICA\" class=\"read-more\" href=\"https:\/\/isfd169villagesell-bue.infd.edu.ar\/sitio\/profesorado-de-educacion-fisica\/\" aria-label=\"M\u00e1s en PROFESORADO DE EDUCACI\u00d3N F\u00cdSICA\">[+]<\/a><\/p>\n","protected":false},"author":11,"featured_media":0,"parent":0,"menu_order":0,"comment_status":"closed","ping_status":"closed","template":"","meta":[],"acf":[],"_links":{"self":[{"href":"https:\/\/isfd169villagesell-bue.infd.edu.ar\/sitio\/wp-json\/wp\/v2\/pages\/830"}],"collection":[{"href":"https:\/\/isfd169villagesell-bue.infd.edu.ar\/sitio\/wp-json\/wp\/v2\/pages"}],"about":[{"href":"https:\/\/isfd169villagesell-bue.infd.edu.ar\/sitio\/wp-json\/wp\/v2\/types\/page"}],"author":[{"embeddable":true,"href":"https:\/\/isfd169villagesell-bue.infd.edu.ar\/sitio\/wp-json\/wp\/v2\/users\/11"}],"replies":[{"embeddable":true,"href":"https:\/\/isfd169villagesell-bue.infd.edu.ar\/sitio\/wp-json\/wp\/v2\/comments?post=830"}],"version-history":[{"count":5,"href":"https:\/\/isfd169villagesell-bue.infd.edu.ar\/sitio\/wp-json\/wp\/v2\/pages\/830\/revisions"}],"predecessor-version":[{"id":839,"href":"https:\/\/isfd169villagesell-bue.infd.edu.ar\/sitio\/wp-json\/wp\/v2\/pages\/830\/revisions\/839"}],"wp:attachment":[{"href":"https:\/\/isfd169villagesell-bue.infd.edu.ar\/sitio\/wp-json\/wp\/v2\/media?parent=830"}],"curies":[{"name":"wp","href":"https:\/\/api.w.org\/{rel}","templated":true}]}}