{"id":644,"date":"2018-06-18T14:12:35","date_gmt":"2018-06-18T17:12:35","guid":{"rendered":"https:\/\/isfd169villagesell-bue.infd.edu.ar\/sitio\/?page_id=644"},"modified":"2025-10-15T07:18:34","modified_gmt":"2025-10-15T10:18:34","slug":"catalogo","status":"publish","type":"page","link":"https:\/\/isfd169villagesell-bue.infd.edu.ar\/sitio\/catalogo\/","title":{"rendered":"Carreras"},"content":{"rendered":"\n<p class=\"has-large-font-size\"><strong>OFERTA ACAD\u00c9MICA 2026 &#8211; ANEXO 3691 VILLA GESEL- INSTITUTO SUPERIOR DE FORMACI\u00d3N DOCENTE N\u00ba 169<\/strong><\/p>\n\n\n\n<p><strong>PROFESORADO DE EDUCACI\u00d3N INICIAL<\/strong><\/p>\n\n\n\n<p>Aprobado por Resoluci\u00f3n: 4154\/2007<\/p>\n\n\n\n<p>T\u00edtulo otorgado: Profesor\/a en Educaci\u00f3n Inicial<\/p>\n\n\n\n<p>Duraci\u00f3n: 4 a\u00f1os<\/p>\n\n\n\n<p>Cursada: Turno vespertino <\/p>\n\n\n\n<p>Modalidad: Presencial<\/p>\n\n\n\n<p><strong>PROFESORADO DE EDUCACI\u00d3N F\u00cdSICA<\/strong><\/p>\n\n\n\n<p>Aprobado por Resoluci\u00f3n: 2432\/09<\/p>\n\n\n\n<p>T\u00edtulo otorgado: Profesor\/a de Educaci\u00f3n F\u00edsica<\/p>\n\n\n\n<p>Duraci\u00f3n: 4 a\u00f1os<\/p>\n\n\n\n<p>Cursada: Turno vespertino <\/p>\n\n\n\n<p>Modalidad: Presencial<\/p>\n","protected":false},"excerpt":{"rendered":"<p>OFERTA ACAD\u00c9MICA 2026 &#8211; ANEXO 3691 VILLA GESEL- INSTITUTO SUPERIOR DE FORMACI\u00d3N DOCENTE N\u00ba 169 PROFESORADO DE EDUCACI\u00d3N INICIAL Aprobado por Resoluci\u00f3n: 4154\/2007 T\u00edtulo otorgado: Profesor\/a en Educaci\u00f3n Inicial Duraci\u00f3n: 4 a\u00f1os Cursada: Turno vespertino Modalidad: Presencial PROFESORADO DE EDUCACI\u00d3N F\u00cdSICA Aprobado por Resoluci\u00f3n: 2432\/09 T\u00edtulo otorgado: Profesor\/a de Educaci\u00f3n F\u00edsica Duraci\u00f3n: 4 a\u00f1os Cursada: &#8230; <a title=\"Carreras\" class=\"read-more\" href=\"https:\/\/isfd169villagesell-bue.infd.edu.ar\/sitio\/catalogo\/\" aria-label=\"M\u00e1s en Carreras\">[+]<\/a><\/p>\n","protected":false},"author":1,"featured_media":0,"parent":0,"menu_order":0,"comment_status":"closed","ping_status":"closed","template":"","meta":[],"acf":[],"_links":{"self":[{"href":"https:\/\/isfd169villagesell-bue.infd.edu.ar\/sitio\/wp-json\/wp\/v2\/pages\/644"}],"collection":[{"href":"https:\/\/isfd169villagesell-bue.infd.edu.ar\/sitio\/wp-json\/wp\/v2\/pages"}],"about":[{"href":"https:\/\/isfd169villagesell-bue.infd.edu.ar\/sitio\/wp-json\/wp\/v2\/types\/page"}],"author":[{"embeddable":true,"href":"https:\/\/isfd169villagesell-bue.infd.edu.ar\/sitio\/wp-json\/wp\/v2\/users\/1"}],"replies":[{"embeddable":true,"href":"https:\/\/isfd169villagesell-bue.infd.edu.ar\/sitio\/wp-json\/wp\/v2\/comments?post=644"}],"version-history":[{"count":13,"href":"https:\/\/isfd169villagesell-bue.infd.edu.ar\/sitio\/wp-json\/wp\/v2\/pages\/644\/revisions"}],"predecessor-version":[{"id":1007,"href":"https:\/\/isfd169villagesell-bue.infd.edu.ar\/sitio\/wp-json\/wp\/v2\/pages\/644\/revisions\/1007"}],"wp:attachment":[{"href":"https:\/\/isfd169villagesell-bue.infd.edu.ar\/sitio\/wp-json\/wp\/v2\/media?parent=644"}],"curies":[{"name":"wp","href":"https:\/\/api.w.org\/{rel}","templated":true}]}}